 Suppose o*k = 76*k - 274. What is the remainder when k is divided by 14?
11
Let w be 0/9 + (-10)/(-2). Suppose h = 4*n - 5, 0 = w*h + 4*n - 63 - 8. What is the remainder when 273 is divided by h?
9
Let o = 19 + 25. Let k = 393 + -235. Suppose 4*m = 186 + k. Calculate the remainder when m is divided by o.
42
Suppose 4*k - 4*i = -3328, 4*k = 5*i - 2758 - 566. Let u = k - -843. Calculate the remainder when 31 is divided by u.
3
Let s(j) = j - 5. Let o be s(8). Suppose -8*v + o*d = -6*v - 16, v - 4*d = -2. What is the remainder when 25 is divided by v?
11
Let w(z) = 113*z + 103. Let x be w(8). Suppose 437 = g - 3*v, x = 4*g + 5*v - 809. What is the remainder when g is divided by 65?
59
Suppose -a = -4*z + 16, 0 = -3*a + 7*a - 5*z + 20. Let r = -9 + a. What is the remainder when (-180)/r - (-6)/(-2) is divided by 6?
5
Let f be (-54)/(-36) - 39/2. Let g be (f/(-27))/(4/(-6)). Let r = 26 + g. Calculate the remainder when r is divided by 9.
7
Let y(u) = -38*u - 91. Let a = -670 - -667. What is the remainder when 30 is divided by y(a)?
7
Calculate the remainder when (-6008)/(-20) - (-8 + (-336)/(-40)) is divided by 7.
6
Suppose -2*f = -n - 2, -18 = 28*n - 29*n - 2*f. Calculate the remainder when 270 is divided by n.
6
Let c = -4422 + 2357. Calculate the remainder when 409 is divided by (2/(-10))/(7/c).
55
Suppose -3*i + 1275 = -2*b, -5*i - b = -1642 - 496. Let s = -4153 - -4164. What is the remainder when i is divided by s?
9
Let x(a) = a - 1. Let t be x(1). Suppose t = -2*z + z + 29. What is the remainder when (316/1580)/((-2)/(-830)) is divided by z?
25
Suppose 3*w + 6 = 5*w. Suppose 2*o - 5*t = -w*o - 150, 0 = -5*o - t - 120. Let q = o - -83. What is the remainder when q is divided by 16?
10
Calculate the remainder when -1 - (-1 - (-1 - -189)) is divided by ((-2850)/(-48) - 10) + (-5)/(-8).
38
Let h = -693 - -735. Suppose -5*z - 5 = 10, -2*p + 19 = -5*z. Let t = p - -7. Calculate the remainder when h is divided by t.
6
Let r = 5225 - 5162. Calculate the remainder when 1330 is divided by r.
7
Let v(p) = 12*p + 3*p**2 - 348 + 351 - 27*p. Let t be ((-6)/4)/(5/(-20)). Calculate the remainder when 122 is divided by v(t).
17
Let y(k) = -56*k - 452. What is the remainder when y(-18) is divided by 275?
6
Let m = 74 - 50. Let o be (-358)/(-8) + 6/m. Calculate the remainder when 9 + -1 - o/15 is divided by 2.
1
Suppose 0 = 2*l - v - 103, -2*l = v - 117 + 12. Let y(i) = -36*i + 3. Let j be y(-2). Let a = j - l. What is the remainder when 114 is divided by a?
22
Let a(f) = 23*f**2 - 1189*f - 252. What is the remainder when 3350 is divided by a(52)?
102
Let c(u) = 4*u**2 + 5*u + 6. Let o be c(-3). Let a = -18 + 31. Calculate the remainder when a is divided by (1 - -1)/1 + (28 - o).
1
What is the remainder when -3*(-208)/(-20)*(-4000)/150 is divided by 281?
270
Suppose -342*w = -344*w + 15862. Suppose -13*o - 2029 + w = 0. Calculate the remainder when o is divided by 19.
17
Let f(a) = 10*a - 25. Let h be (1/2)/(4/8). Suppose -s + h = 2*t, -s + 11 = -0*s - 3*t. What is the remainder when 47 is divided by f(s)?
22
Suppose -14*a + 1859 + 4242 = -927. Calculate the remainder when 1517 is divided by a.
11
Suppose 3*c = -2*y - 26, 2*y + 38 = -4*c - 0*c. What is the remainder when 86 is divided by (-215)/(-7) + (c - (-86)/7)?
24
Suppose 140 = 4*d - 4*y, 0 = -d - 5*y - 0*y + 23. What is the remainder when (-5)/((3/(-11))/3) is divided by d?
22
What is the remainder when 436 is divided by (48 - -5) + 14 + -11?
44
Let c(w) = -6*w**3 + 30*w**2 - 12*w + 1. What is the remainder when 1077 is divided by c(4)?
48
Let p(c) = -c**3 + 11*c**2 + 34*c - 162. What is the remainder when p(10) is divided by 81?
35
Let a(s) = -s**2 - 29*s + 39. Let f = -179 - -149. What is the remainder when 115 is divided by a(f)?
7
Let u(y) = 4*y**2 - 126*y + 1376. Calculate the remainder when u(44) is divided by 1780.
16
Suppose -3*m + 20 = 5*u, -4*u - 5*m - 46 = -7*u. Let x(q) = 12*q - 24. What is the remainder when 297 is divided by x(u)?
57
Let w be (5/(-3))/((-2)/6). Let r be 3 + 5*(-126)/60*(-32)/3. Suppose 3*t + w*g - 76 = 0, 4*t - g = r - 6. What is the remainder when 134 is divided by t?
26
Let d = 24 + -24. What is the remainder when (192 - (d + 3)) + 1 + 0 is divided by 32?
30
Let q(b) = -b**3 + 2*b**2 + 4*b - 5. Suppose 9*y - 1 = 17. Let p(l) = -2*l + 8. What is the remainder when p(y) is divided by q(2)?
1
Let t(m) = -4*m - 8*m - 12*m + 11*m - 4. Calculate the remainder when t(-4) is divided by 42.
6
Let y(h) = -42*h**3 - 3*h**2 - 9*h - 36. Let x be y(-5). Suppose -24*w - 1992 = -x. Calculate the remainder when w is divided by 9.
7
Let w be 2300/60 - (-2)/3. Let a = w + 17. Suppose 3*l - 2*m = a, -3*m + 5*m + 36 = 2*l. Calculate the remainder when 39 is divided by l.
19
Suppose -9*r + 204 = -3*r. What is the remainder when r is divided by (-2 - -27)*((-1)/(-5) + 0)?
4
Let o(i) = i**2 - 18*i - 141. Let h be o(24). What is the remainder when 47 is divided by 1/(h*(-5)/60) - -17?
8
Suppose -5*h - n - 4 = 0, -5*h - 3*n = 4 - 2. Let v(a) = -4*a**3 + 2*a**2 + 4*a + 3. What is the remainder when 29 is divided by v(h)?
4
Calculate the remainder when 642/4 - (20 - (-205)/(-10)) is divided by 43.
32
Suppose -4213*r + 4127*r = -14964. What is the remainder when r is divided by 58?
0
Suppose -101 = -4*j - 5*r, j + 0*j - 23 = r. Suppose j*x = -16*x + 1200. Let i(d) = -d**3 + 9*d**2 - 5*d - 4. Calculate the remainder when i(7) is divided by x.
29
Suppose -61*s - 40200 = -162*s - 167*s. What is the remainder when s is divided by 39?
33
Let c(f) be the first derivative of -5*f**2 + 50*f - 105. What is the remainder when c(-10) is divided by 17?
14
Let v(a) = 9*a + 8207. What is the remainder when v(-15) is divided by 20?
12
What is the remainder when 194 is divided by ((-18)/(-45))/(16/1160)?
20
Suppose 4*d - 5 = 3. Suppose d*q = 2*o - 24, -9*o = -5*o - 2*q - 46. What is the remainder when 18 is divided by o?
7
Suppose -28895 = -363*h + 26644. What is the remainder when 622 is divided by h?
10
Let m = -83 - -187. Let z = -96 + m. Suppose -l = 2*i - 4*i + 13, i + 5*l = 1. Calculate the remainder when z is divided by i.
2
Let v = 197 + -195. Suppose 0 = 4*n - 3*q + v*q - 65, 5*q = n - 21. Suppose 67 + 20 = 3*w. Calculate the remainder when w is divided by n.
13
Suppose -17*l - 2141 - 3605 = 0. Let z = -316 - l. Calculate the remainder when z is divided by 12.
10
Suppose -81 = -4*b - 3*x, -67*b + 67 = -63*b + x. Let c(j) = -j**3 + 9*j**2 - 6. Calculate the remainder when c(6) is divided by b.
12
Suppose 0 = -3*h - 2*d - 193, -5*d = h + h + 125. What is the remainder when (-2)/1*(4 - h/(-10)) is divided by -2 - -2*(-6)/(-4)?
0
Suppose -25*w + 17*w - 208 = 0. Calculate the remainder when 81 is divided by ((-10)/6)/(w/78).
1
Suppose 0 = -19*v + 20*v - 5. Suppose 5*n + 0*n = -v*h + 370, -h = 1. What is the remainder when 82 is divided by 28/(-5)*n/(-30)?
12
Suppose -r + j = 1 + 9, 2*j = 5*r + 50. Let v = r - -32. Calculate the remainder when (68/((-16)/(-4)))/(1/5) is divided by v.
19
Let o be 3/(-6) - (2 - (-5)/(-2)). Suppose i - 61 - 26 = o. Suppose -3*s + 3 = 0, 2*b - 5*s - 320 = -i. Calculate the remainder when b is divided by 40.
39
Let p(q) = 4*q**2 - 133*q - 164. Calculate the remainder when p(44) is divided by 7.
6
Calculate the remainder when 603 + ((-11)/5 - (-51)/255) is divided by 299.
3
Let x(q) = 8*q. Let s(d) = 0*d**3 - d + d**3 + 19 + d**2 - d**2 - 2*d**2. Calculate the remainder when x(7) is divided by s(0).
18
Let p = -23 + 27. Calculate the remainder when 319 is divided by 17 + (p - (-7)/(-7)).
19
Let j(o) = -5*o**2 - 18*o + 7. Let z(b) = 14*b**2 + 53*b - 21. Let m(w) = 17*j(w) + 6*z(w). Calculate the remainder when m(10) is divided by 4.
1
Let n = -791 + 442. Let l = -301 - n. What is the remainder when 94 is divided by l?
46
Let s = 1130 + -505. What is the remainder when s is divided by 107?
90
Let c(y) = 51*y + 873. What is the remainder when 1538 is divided by c(-16)?
56
Let p be (-832 + 1)/(27/(-18)). Suppose 3*s + 1159 = 22*s. Calculate the remainder when s is divided by 12/54 - p/(-18).
30
Suppose q + 2*q - 544 = -n, 0 = -2*n - 10. Let w = q - -31. Calculate the remainder when w is divided by 54.
52
Let j(q) = q**2 + q + 3. Suppose -5*f - 71 + 26 = 0. Calculate the remainder whe